{"id":1214,"date":"2019-11-26T10:05:28","date_gmt":"2019-11-26T13:05:28","guid":{"rendered":"http:\/\/cyberinfo.net.br\/new\/?page_id=1214"},"modified":"2019-12-03T23:05:06","modified_gmt":"2019-12-04T02:05:06","slug":"politica-de-privacidade","status":"publish","type":"page","link":"https:\/\/www.cyberinfo.net.br\/belacruz\/politica-de-privacidade\/","title":{"rendered":"Pol\u00edtica de Privacidade"},"content":{"rendered":"<div id=\"pl-1214\"  class=\"panel-layout\" ><div id=\"pg-1214-0\"  class=\"panel-grid panel-has-style\" ><div class=\"siteorigin-panels-stretch panel-row-style-full-width panel-row-style panel-row-style-for-1214-0\" style=\"background-color: #e4ebf1; \" data-stretch-type=\"full\" ><div id=\"pgc-1214-0-0\"  class=\"panel-grid-cell\" ><div id=\"panel-1214-0-0-0\" class=\"widget_text so-panel widget widget_custom_html panel-first-child panel-last-child\" data-index=\"0\" ><div class=\"textwidget custom-html-widget\"><div id=\"cyber-all-header\">\n\t<div class=\"duvidas-frequentes\">\n\t\t<p class=\"title\">POL\u00cdTICA DE PRIVACIDADE<\/p>\n\t\t<figure>\n\t\t\t<img src=\"\/new\/extras\/images\/color_line.svg\" alt=\"\" width=\"166px\">\t\n\t\t<\/figure>\n\t\t<p class=\"h3\">Termos e condi\u00e7\u00f5es de seguran\u00e7a.<\/p>\n\t<\/div>\n<\/div><\/div><\/div><\/div><\/div><\/div><div id=\"pg-1214-1\"  class=\"panel-grid panel-has-style\" ><div id=\"cyber-faq-page\" class=\"panel-row-style panel-row-style-for-1214-1\" ><div id=\"pgc-1214-1-0\"  class=\"panel-grid-cell\" ><div id=\"panel-1214-1-0-0\" class=\"so-panel widget widget_sow-accordion panel-first-child\" data-index=\"1\" ><div id=\"cyber-faq\" class=\"panel-widget-style panel-widget-style-for-1214-1-0-0\" ><div class=\"so-widget-sow-accordion so-widget-sow-accordion-default-f369c1369aed-1214\"><h3 class=\"widget-title\">Informa\u00e7\u00f5es Coletadas<\/h3><div>\n\t<div class=\"sow-accordion\">\n\t\t\t<div class=\"sow-accordion-panel sow-accordion-panel-open\"\n\t\t\t data-anchor=\"entenda-os-cookies\">\n\t\t\t\t<div class=\"sow-accordion-panel-header-container\" role=\"heading\" aria-level=\"2\">\n\t\t\t\t\t<div class=\"sow-accordion-panel-header\" tabindex=\"0\" role=\"button\" id=\"accordion-label-entenda-os-cookies\" aria-controls=\"accordion-content-entenda-os-cookies\" aria-expanded=\"true\">\n\t\t\t\t\t\t<div class=\"sow-accordion-title sow-accordion-title-icon-left\">\n\t\t\t\t\t\t\t\t\t\t\t\t\t\tEntenda os \"cookies\"\t\t\t\t\t\t\t\t\t\t\t\t\t<\/div>\n\t\t\t\t\t\t<div class=\"sow-accordion-open-close-button\">\n\t\t\t\t\t\t\t<div class=\"sow-accordion-open-button\">\n\t\t\t\t\t\t\t\t<span class=\"sow-icon-ionicons\" data-sow-icon=\"&#xf218;\"\n\t\t ><\/span>\t\t\t\t\t\t\t<\/div>\n\t\t\t\t\t\t\t<div class=\"sow-accordion-close-button\">\n\t\t\t\t\t\t\t\t<span class=\"sow-icon-ionicons\" data-sow-icon=\"&#xf209;\"\n\t\t ><\/span>\t\t\t\t\t\t\t<\/div>\n\t\t\t\t\t\t<\/div>\n\t\t\t\t\t<\/div>\n\t\t\t\t<\/div>\n\n\t\t\t<div\n\t\t\t\tclass=\"sow-accordion-panel-content\"\n\t\t\t\trole=\"region\"\n\t\t\t\taria-labelledby=\"accordion-label-entenda-os-cookies\"\n\t\t\t\tid=\"accordion-content-entenda-os-cookies\"\n\t\t\t\t\t\t\t>\n\t\t\t\t<div class=\"sow-accordion-panel-border\" tabindex=\"0\">\n\t\t\t\t\t<p>Os cookies s\u00e3o arquivos de textos que armazenam temporariamente algumas informa\u00e7\u00f5es b\u00e1sicas sobre o que voc\u00ea est\u00e1 visitando no nosso site. Os cookies mant\u00eam um registro dos seus h\u00e1bitos de navega\u00e7\u00e3o, da utiliza\u00e7\u00e3o do aparelho e das suas prefer\u00eancias, salvando tudo para voc\u00ea entrar direto na pr\u00f3xima vez em que acessar.<\/p>\n<p>A Cyberinfo usa os cookies para facilitar a sua navega\u00e7\u00e3o pelo site e deixar ainda melhor a personaliza\u00e7\u00e3o dos nossos servi\u00e7os. E voc\u00ea pode ficar tranquilo se n\u00e3o quiser habilitar os cookies! Configure o seu navegador para aceitar ou rejeitar essa ferramenta.<\/p>\t\t\t\t<\/div>\n\t\t\t<\/div>\n\t\t<\/div>\n\t\t\t<div class=\"sow-accordion-panel sow-accordion-panel-open\"\n\t\t\t data-anchor=\"para-que-e-como-coletamos-informa%c3%a7%c3%b5es\">\n\t\t\t\t<div class=\"sow-accordion-panel-header-container\" role=\"heading\" aria-level=\"2\">\n\t\t\t\t\t<div class=\"sow-accordion-panel-header\" tabindex=\"0\" role=\"button\" id=\"accordion-label-para-que-e-como-coletamos-informa%c3%a7%c3%b5es\" aria-controls=\"accordion-content-para-que-e-como-coletamos-informa%c3%a7%c3%b5es\" aria-expanded=\"true\">\n\t\t\t\t\t\t<div class=\"sow-accordion-title sow-accordion-title-icon-left\">\n\t\t\t\t\t\t\t\t\t\t\t\t\t\tPara que e como coletamos informa\u00e7\u00f5es?\t\t\t\t\t\t\t\t\t\t\t\t\t<\/div>\n\t\t\t\t\t\t<div class=\"sow-accordion-open-close-button\">\n\t\t\t\t\t\t\t<div class=\"sow-accordion-open-button\">\n\t\t\t\t\t\t\t\t<span class=\"sow-icon-ionicons\" data-sow-icon=\"&#xf218;\"\n\t\t ><\/span>\t\t\t\t\t\t\t<\/div>\n\t\t\t\t\t\t\t<div class=\"sow-accordion-close-button\">\n\t\t\t\t\t\t\t\t<span class=\"sow-icon-ionicons\" data-sow-icon=\"&#xf209;\"\n\t\t ><\/span>\t\t\t\t\t\t\t<\/div>\n\t\t\t\t\t\t<\/div>\n\t\t\t\t\t<\/div>\n\t\t\t\t<\/div>\n\n\t\t\t<div\n\t\t\t\tclass=\"sow-accordion-panel-content\"\n\t\t\t\trole=\"region\"\n\t\t\t\taria-labelledby=\"accordion-label-para-que-e-como-coletamos-informa%c3%a7%c3%b5es\"\n\t\t\t\tid=\"accordion-content-para-que-e-como-coletamos-informa%c3%a7%c3%b5es\"\n\t\t\t\t\t\t\t>\n\t\t\t\t<div class=\"sow-accordion-panel-border\" tabindex=\"0\">\n\t\t\t\t\t<p>Queremos que a sua experi\u00eancia com a Cyberinfo seja cada vez melhor. Por isso, vamos explicar aqui os motivos para coletarmos todas essas informa\u00e7\u00f5es:<\/p>\n<p>- Melhorar o desempenho da rede e aumentar a qualidade dos nossos servi\u00e7os.<br \/>\n- Corrigir as falhas em nossos servi\u00e7os de forma ainda mais r\u00e1pida.<br \/>\n- Deixar os processos para a elabora\u00e7\u00e3o de planos, servi\u00e7os e ofertas personalizadas ainda mais pr\u00f3ximos do seu perfil.<br \/>\n- Avaliar a demanda por cidade.<br \/>\n- Ajudar nas decis\u00f5es estrat\u00e9gidas da Cyberinfo, como redistribui\u00e7\u00e3o de sinal, por exemplo.<br \/>\n- Melhorar a experi\u00eancia de relacionametno entre voc\u00ea e a Cyberinfo, como envio de marketing direto e fornecimento de ofertas mais relevantes.<\/p>\t\t\t\t<\/div>\n\t\t\t<\/div>\n\t\t<\/div>\n\t\t\t<div class=\"sow-accordion-panel sow-accordion-panel-open\"\n\t\t\t data-anchor=\"onde-os-dados-s%c3%a3o-processados\">\n\t\t\t\t<div class=\"sow-accordion-panel-header-container\" role=\"heading\" aria-level=\"2\">\n\t\t\t\t\t<div class=\"sow-accordion-panel-header\" tabindex=\"0\" role=\"button\" id=\"accordion-label-onde-os-dados-s%c3%a3o-processados\" aria-controls=\"accordion-content-onde-os-dados-s%c3%a3o-processados\" aria-expanded=\"true\">\n\t\t\t\t\t\t<div class=\"sow-accordion-title sow-accordion-title-icon-left\">\n\t\t\t\t\t\t\t\t\t\t\t\t\t\tOnde os dados s\u00e3o processados?\t\t\t\t\t\t\t\t\t\t\t\t\t<\/div>\n\t\t\t\t\t\t<div class=\"sow-accordion-open-close-button\">\n\t\t\t\t\t\t\t<div class=\"sow-accordion-open-button\">\n\t\t\t\t\t\t\t\t<span class=\"sow-icon-ionicons\" data-sow-icon=\"&#xf218;\"\n\t\t ><\/span>\t\t\t\t\t\t\t<\/div>\n\t\t\t\t\t\t\t<div class=\"sow-accordion-close-button\">\n\t\t\t\t\t\t\t\t<span class=\"sow-icon-ionicons\" data-sow-icon=\"&#xf209;\"\n\t\t ><\/span>\t\t\t\t\t\t\t<\/div>\n\t\t\t\t\t\t<\/div>\n\t\t\t\t\t<\/div>\n\t\t\t\t<\/div>\n\n\t\t\t<div\n\t\t\t\tclass=\"sow-accordion-panel-content\"\n\t\t\t\trole=\"region\"\n\t\t\t\taria-labelledby=\"accordion-label-onde-os-dados-s%c3%a3o-processados\"\n\t\t\t\tid=\"accordion-content-onde-os-dados-s%c3%a3o-processados\"\n\t\t\t\t\t\t\t>\n\t\t\t\t<div class=\"sow-accordion-panel-border\" tabindex=\"0\">\n\t\t\t\t\t<p>Todas as informa\u00e7\u00f5es pessoais de nossos clientes s\u00e3o tratadas dentro da pr\u00f3pria Cyberinfo e armazenada em Servidores Pr\u00f3prios ou em empresa devidamente credenciadas para este tipo de servi\u00e7o, respeitando sempre a legisla\u00e7\u00e3o vigente no Brasil.<\/p>\n<p>Caso seja necess\u00e1rio o tratamento de dados externamente, faremos tudo com cl\u00e1usulas de confidencialidade, assegurando que todo o acesso seja auditado e monitorado, para garantir sua privacidade.<\/p>\t\t\t\t<\/div>\n\t\t\t<\/div>\n\t\t<\/div>\n\t\t\t<div class=\"sow-accordion-panel sow-accordion-panel-open\"\n\t\t\t data-anchor=\"por-quanto-tempo-os-dados-s%c3%a3o-armazenados\">\n\t\t\t\t<div class=\"sow-accordion-panel-header-container\" role=\"heading\" aria-level=\"2\">\n\t\t\t\t\t<div class=\"sow-accordion-panel-header\" tabindex=\"0\" role=\"button\" id=\"accordion-label-por-quanto-tempo-os-dados-s%c3%a3o-armazenados\" aria-controls=\"accordion-content-por-quanto-tempo-os-dados-s%c3%a3o-armazenados\" aria-expanded=\"true\">\n\t\t\t\t\t\t<div class=\"sow-accordion-title sow-accordion-title-icon-left\">\n\t\t\t\t\t\t\t\t\t\t\t\t\t\tPor quanto tempo os dados s\u00e3o armazenados?\t\t\t\t\t\t\t\t\t\t\t\t\t<\/div>\n\t\t\t\t\t\t<div class=\"sow-accordion-open-close-button\">\n\t\t\t\t\t\t\t<div class=\"sow-accordion-open-button\">\n\t\t\t\t\t\t\t\t<span class=\"sow-icon-ionicons\" data-sow-icon=\"&#xf218;\"\n\t\t ><\/span>\t\t\t\t\t\t\t<\/div>\n\t\t\t\t\t\t\t<div class=\"sow-accordion-close-button\">\n\t\t\t\t\t\t\t\t<span class=\"sow-icon-ionicons\" data-sow-icon=\"&#xf209;\"\n\t\t ><\/span>\t\t\t\t\t\t\t<\/div>\n\t\t\t\t\t\t<\/div>\n\t\t\t\t\t<\/div>\n\t\t\t\t<\/div>\n\n\t\t\t<div\n\t\t\t\tclass=\"sow-accordion-panel-content\"\n\t\t\t\trole=\"region\"\n\t\t\t\taria-labelledby=\"accordion-label-por-quanto-tempo-os-dados-s%c3%a3o-armazenados\"\n\t\t\t\tid=\"accordion-content-por-quanto-tempo-os-dados-s%c3%a3o-armazenados\"\n\t\t\t\t\t\t\t>\n\t\t\t\t<div class=\"sow-accordion-panel-border\" tabindex=\"0\">\n\t\t\t\t\t<p>Em conformidade ao Marco Civil da Internet, a Cyberinfo armazena por no m\u00ednimo 01 (um) ano os seus registros de conex\u00e3o, que s\u00e3o as informa\u00e7\u00f5es sobre o tempo das suas conex\u00f5es \u00e0 Internet e o IP para envio e recebimento de dados.<\/p>\n<p>Os seus dados cadastrais (como o nome completo, endere\u00e7o e CPF) e os dados  de faturamento (documentos fiscais) s\u00e3o armazenados por no m\u00ednimo 05 (cinco) anos, para processos judiciais e administrativos.<\/p>\t\t\t\t<\/div>\n\t\t\t<\/div>\n\t\t<\/div>\n\t\t\t<div class=\"sow-accordion-panel sow-accordion-panel-open\"\n\t\t\t data-anchor=\"compartilhamento-de-dados\">\n\t\t\t\t<div class=\"sow-accordion-panel-header-container\" role=\"heading\" aria-level=\"2\">\n\t\t\t\t\t<div class=\"sow-accordion-panel-header\" tabindex=\"0\" role=\"button\" id=\"accordion-label-compartilhamento-de-dados\" aria-controls=\"accordion-content-compartilhamento-de-dados\" aria-expanded=\"true\">\n\t\t\t\t\t\t<div class=\"sow-accordion-title sow-accordion-title-icon-left\">\n\t\t\t\t\t\t\t\t\t\t\t\t\t\tCompartilhamento de dados\t\t\t\t\t\t\t\t\t\t\t\t\t<\/div>\n\t\t\t\t\t\t<div class=\"sow-accordion-open-close-button\">\n\t\t\t\t\t\t\t<div class=\"sow-accordion-open-button\">\n\t\t\t\t\t\t\t\t<span class=\"sow-icon-ionicons\" data-sow-icon=\"&#xf218;\"\n\t\t ><\/span>\t\t\t\t\t\t\t<\/div>\n\t\t\t\t\t\t\t<div class=\"sow-accordion-close-button\">\n\t\t\t\t\t\t\t\t<span class=\"sow-icon-ionicons\" data-sow-icon=\"&#xf209;\"\n\t\t ><\/span>\t\t\t\t\t\t\t<\/div>\n\t\t\t\t\t\t<\/div>\n\t\t\t\t\t<\/div>\n\t\t\t\t<\/div>\n\n\t\t\t<div\n\t\t\t\tclass=\"sow-accordion-panel-content\"\n\t\t\t\trole=\"region\"\n\t\t\t\taria-labelledby=\"accordion-label-compartilhamento-de-dados\"\n\t\t\t\tid=\"accordion-content-compartilhamento-de-dados\"\n\t\t\t\t\t\t\t>\n\t\t\t\t<div class=\"sow-accordion-panel-border\" tabindex=\"0\">\n\t\t\t\t\t<p>A Cyberinfo n\u00e3o fornece a terceiros dados prim\u00e1rios como: Nome, Endere\u00e7o, Telefones, E-mail, CPF ou CNPJ e RG, exceto nos casos em que:<\/p>\n<p>- Haja determina\u00e7\u00e3o judicial para fornecimento de dados;<br \/>\n- Exista necessidade de identificar ou revelar dados de usu\u00e1rios que esteja utilizando nossos servi\u00e7os para prop\u00f3sitos il\u00edcitos (intencionalmente ou n\u00e3o);<br \/>\n<\/p><p>Al\u00e9m dos casos citados acima, havendo a necessidade ou interesse em repassar a parceiros, dados de identifica\u00e7\u00e3o individual, a Cyberinfo solicitar\u00e1 autoriza\u00e7\u00e3o pr\u00e9via.<\/p>\n<p>Em caso de promo\u00e7\u00f5es realizadas pela Cyberinfo, onde seja preciso identificar o usu\u00e1rio de alguma forma, haver\u00e1 tamb\u00e9m solicita\u00e7\u00e3o para que seja previamente autorizada a divulga\u00e7\u00e3o.<\/p>\t\t\t\t<\/div>\n\t\t\t<\/div>\n\t\t<\/div>\n\t\t\t<div class=\"sow-accordion-panel sow-accordion-panel-open\"\n\t\t\t data-anchor=\"quebra-de-sigilo\">\n\t\t\t\t<div class=\"sow-accordion-panel-header-container\" role=\"heading\" aria-level=\"2\">\n\t\t\t\t\t<div class=\"sow-accordion-panel-header\" tabindex=\"0\" role=\"button\" id=\"accordion-label-quebra-de-sigilo\" aria-controls=\"accordion-content-quebra-de-sigilo\" aria-expanded=\"true\">\n\t\t\t\t\t\t<div class=\"sow-accordion-title sow-accordion-title-icon-left\">\n\t\t\t\t\t\t\t\t\t\t\t\t\t\tQuebra de sigilo\t\t\t\t\t\t\t\t\t\t\t\t\t<\/div>\n\t\t\t\t\t\t<div class=\"sow-accordion-open-close-button\">\n\t\t\t\t\t\t\t<div class=\"sow-accordion-open-button\">\n\t\t\t\t\t\t\t\t<span class=\"sow-icon-ionicons\" data-sow-icon=\"&#xf218;\"\n\t\t ><\/span>\t\t\t\t\t\t\t<\/div>\n\t\t\t\t\t\t\t<div class=\"sow-accordion-close-button\">\n\t\t\t\t\t\t\t\t<span class=\"sow-icon-ionicons\" data-sow-icon=\"&#xf209;\"\n\t\t ><\/span>\t\t\t\t\t\t\t<\/div>\n\t\t\t\t\t\t<\/div>\n\t\t\t\t\t<\/div>\n\t\t\t\t<\/div>\n\n\t\t\t<div\n\t\t\t\tclass=\"sow-accordion-panel-content\"\n\t\t\t\trole=\"region\"\n\t\t\t\taria-labelledby=\"accordion-label-quebra-de-sigilo\"\n\t\t\t\tid=\"accordion-content-quebra-de-sigilo\"\n\t\t\t\t\t\t\t>\n\t\t\t\t<div class=\"sow-accordion-panel-border\" tabindex=\"0\">\n\t\t\t\t\t<p>Pode existir alguma situa\u00e7\u00e3o na qual tenhamos que compartilhar as suas informa\u00e7\u00f5es, como em caso de Ordens Judiciais e solicita\u00e7\u00f5es de autoridades competentes, de acordo com a legisla\u00e7\u00e3o vigente no Brasil. Assim, registros de conex\u00e3o, voz e dados poder\u00e3o ser disponibilizados sem o seu conhecimento.<\/p>\t\t\t\t<\/div>\n\t\t\t<\/div>\n\t\t<\/div>\n\t\t<\/div>\n<\/div>\n<\/div><\/div><\/div><div id=\"panel-1214-1-0-1\" class=\"so-panel widget widget_sow-accordion panel-last-child\" data-index=\"2\" ><div id=\"cyber-faq\" class=\"panel-widget-style panel-widget-style-for-1214-1-0-1\" ><div class=\"so-widget-sow-accordion so-widget-sow-accordion-default-f369c1369aed-1214\"><h3 class=\"widget-title\">Seguran\u00e7a da Informa\u00e7\u00e3o<\/h3><div>\n\t<div class=\"sow-accordion\">\n\t\t\t<div class=\"sow-accordion-panel sow-accordion-panel-open\"\n\t\t\t data-anchor=\"como-mantemos-os-seus-dados-seguros\">\n\t\t\t\t<div class=\"sow-accordion-panel-header-container\" role=\"heading\" aria-level=\"2\">\n\t\t\t\t\t<div class=\"sow-accordion-panel-header\" tabindex=\"0\" role=\"button\" id=\"accordion-label-como-mantemos-os-seus-dados-seguros\" aria-controls=\"accordion-content-como-mantemos-os-seus-dados-seguros\" aria-expanded=\"true\">\n\t\t\t\t\t\t<div class=\"sow-accordion-title sow-accordion-title-icon-left\">\n\t\t\t\t\t\t\t\t\t\t\t\t\t\tComo mantemos os seus dados seguros?\t\t\t\t\t\t\t\t\t\t\t\t\t<\/div>\n\t\t\t\t\t\t<div class=\"sow-accordion-open-close-button\">\n\t\t\t\t\t\t\t<div class=\"sow-accordion-open-button\">\n\t\t\t\t\t\t\t\t<span class=\"sow-icon-ionicons\" data-sow-icon=\"&#xf218;\"\n\t\t ><\/span>\t\t\t\t\t\t\t<\/div>\n\t\t\t\t\t\t\t<div class=\"sow-accordion-close-button\">\n\t\t\t\t\t\t\t\t<span class=\"sow-icon-ionicons\" data-sow-icon=\"&#xf209;\"\n\t\t ><\/span>\t\t\t\t\t\t\t<\/div>\n\t\t\t\t\t\t<\/div>\n\t\t\t\t\t<\/div>\n\t\t\t\t<\/div>\n\n\t\t\t<div\n\t\t\t\tclass=\"sow-accordion-panel-content\"\n\t\t\t\trole=\"region\"\n\t\t\t\taria-labelledby=\"accordion-label-como-mantemos-os-seus-dados-seguros\"\n\t\t\t\tid=\"accordion-content-como-mantemos-os-seus-dados-seguros\"\n\t\t\t\t\t\t\t>\n\t\t\t\t<div class=\"sow-accordion-panel-border\" tabindex=\"0\">\n\t\t\t\t\t<p>A Cyberinfo se preocupa com a seguran\u00e7a das informa\u00e7\u00f5es de seus clientes. Por isso, nos comprometemos a proteger todos os seus dados contra invas\u00f5es e garantimos que eles continuar\u00e3o confidenciais. Suas informa\u00e7\u00f5es ser\u00e3o utilizadas somente para presta\u00e7\u00e3o dos servi\u00e7os que voc\u00ea contratou.<\/p>\n<p>Al\u00e9m disso, todas as informa\u00e7\u00f5es que trafegam entre o seu computador, smartphone ou qualquer outro dispositivo e os nossos websites, hotsites ou Central do Cliente chegam aos servidores da Cyberinfo criptografadas.<\/p>\n<p>Respeitamos os seguintes princ\u00edpios:<\/p>\n<p>- <strong>Confidencialidade: <\/strong>Permitimos o acesso aos dados e aos nossos sistemas somente a pessoas autorizadas, conforme o princ\u00edpio do \"privil\u00e9gio m\u00ednimo\".<br \/>\n- <strong>Integridade: <\/strong>Preservamos a confiabilidade dos dados e das informa\u00e7\u00f5es contra qualquer tido de adultera\u00e7\u00e3o, seja de forma acidental ou fraudulenta.<br \/>\n- <strong>Disponibilidade: <\/strong>Estabelecemos controles para que as informa\u00e7\u00f5es estejam dispon\u00edveis para serem acessadas quando necess\u00e1rio.<br \/>\n- <strong>Auditabilidade: <\/strong>Propiciamos que qualquer a\u00e7\u00e3o seja claramente identificada, possibilitando o rastreamento de atividades e garantindo o cumprimento de controles conforme normas legais.<\/p>\t\t\t\t<\/div>\n\t\t\t<\/div>\n\t\t<\/div>\n\t\t\t<div class=\"sow-accordion-panel sow-accordion-panel-open\"\n\t\t\t data-anchor=\"seguran%c3%a7a-cibern%c3%a9tica\">\n\t\t\t\t<div class=\"sow-accordion-panel-header-container\" role=\"heading\" aria-level=\"2\">\n\t\t\t\t\t<div class=\"sow-accordion-panel-header\" tabindex=\"0\" role=\"button\" id=\"accordion-label-seguran%c3%a7a-cibern%c3%a9tica\" aria-controls=\"accordion-content-seguran%c3%a7a-cibern%c3%a9tica\" aria-expanded=\"true\">\n\t\t\t\t\t\t<div class=\"sow-accordion-title sow-accordion-title-icon-left\">\n\t\t\t\t\t\t\t\t\t\t\t\t\t\tSeguran\u00e7a Cibern\u00e9tica\t\t\t\t\t\t\t\t\t\t\t\t\t<\/div>\n\t\t\t\t\t\t<div class=\"sow-accordion-open-close-button\">\n\t\t\t\t\t\t\t<div class=\"sow-accordion-open-button\">\n\t\t\t\t\t\t\t\t<span class=\"sow-icon-ionicons\" data-sow-icon=\"&#xf218;\"\n\t\t ><\/span>\t\t\t\t\t\t\t<\/div>\n\t\t\t\t\t\t\t<div class=\"sow-accordion-close-button\">\n\t\t\t\t\t\t\t\t<span class=\"sow-icon-ionicons\" data-sow-icon=\"&#xf209;\"\n\t\t ><\/span>\t\t\t\t\t\t\t<\/div>\n\t\t\t\t\t\t<\/div>\n\t\t\t\t\t<\/div>\n\t\t\t\t<\/div>\n\n\t\t\t<div\n\t\t\t\tclass=\"sow-accordion-panel-content\"\n\t\t\t\trole=\"region\"\n\t\t\t\taria-labelledby=\"accordion-label-seguran%c3%a7a-cibern%c3%a9tica\"\n\t\t\t\tid=\"accordion-content-seguran%c3%a7a-cibern%c3%a9tica\"\n\t\t\t\t\t\t\t>\n\t\t\t\t<div class=\"sow-accordion-panel-border\" tabindex=\"0\">\n\t\t\t\t\t<p>Vulnerabilidades s\u00e3o portas de entradas para viola\u00e7\u00f5es de seguran\u00e7a e ataques cibern\u00e9ticos, que podem colocar em risco sua privacidade. Por isso, utilizamos recursos para investig\u00e1-las, garantindo que sejam implantadas as medidas de corre\u00e7\u00e3o. Caso ocorra algum acidente de seguran\u00e7a, nos comprometemos a agir com rapidez e responsabilidade para minimizar os impactos e poss\u00edveis danos.<\/p>\n<p>Voc\u00ea ser\u00e1 informado apenas dos casos relevantes em que a perda, o uso indevido ou a revela\u00e7\u00e3o de informa\u00e7\u00f5es forem ocasionados por uma viola\u00e7\u00e3o de seguran\u00e7a dos sistemas e das redes da companhia, ou por uma decis\u00e3o ou a\u00e7\u00e3o t\u00e9cnica interna. Nesses casos, voc\u00ea vai saber quais a\u00e7\u00f5es corretivas ser\u00e3o realizadas e as recomenda\u00e7\u00f5es para proteger seus interesses.<\/p>\n<p>No nosso relacionamento com as autoridades legais, respeitamos a legisla\u00e7\u00e3o local e a regulamenta\u00e7\u00e3o.<\/p>\t\t\t\t<\/div>\n\t\t\t<\/div>\n\t\t<\/div>\n\t\t\t<div class=\"sow-accordion-panel sow-accordion-panel-open\"\n\t\t\t data-anchor=\"seguran%c3%a7a-on-line\">\n\t\t\t\t<div class=\"sow-accordion-panel-header-container\" role=\"heading\" aria-level=\"2\">\n\t\t\t\t\t<div class=\"sow-accordion-panel-header\" tabindex=\"0\" role=\"button\" id=\"accordion-label-seguran%c3%a7a-on-line\" aria-controls=\"accordion-content-seguran%c3%a7a-on-line\" aria-expanded=\"true\">\n\t\t\t\t\t\t<div class=\"sow-accordion-title sow-accordion-title-icon-left\">\n\t\t\t\t\t\t\t\t\t\t\t\t\t\tSeguran\u00e7a on-line\t\t\t\t\t\t\t\t\t\t\t\t\t<\/div>\n\t\t\t\t\t\t<div class=\"sow-accordion-open-close-button\">\n\t\t\t\t\t\t\t<div class=\"sow-accordion-open-button\">\n\t\t\t\t\t\t\t\t<span class=\"sow-icon-ionicons\" data-sow-icon=\"&#xf218;\"\n\t\t ><\/span>\t\t\t\t\t\t\t<\/div>\n\t\t\t\t\t\t\t<div class=\"sow-accordion-close-button\">\n\t\t\t\t\t\t\t\t<span class=\"sow-icon-ionicons\" data-sow-icon=\"&#xf209;\"\n\t\t ><\/span>\t\t\t\t\t\t\t<\/div>\n\t\t\t\t\t\t<\/div>\n\t\t\t\t\t<\/div>\n\t\t\t\t<\/div>\n\n\t\t\t<div\n\t\t\t\tclass=\"sow-accordion-panel-content\"\n\t\t\t\trole=\"region\"\n\t\t\t\taria-labelledby=\"accordion-label-seguran%c3%a7a-on-line\"\n\t\t\t\tid=\"accordion-content-seguran%c3%a7a-on-line\"\n\t\t\t\t\t\t\t>\n\t\t\t\t<div class=\"sow-accordion-panel-border\" tabindex=\"0\">\n\t\t\t\t\t<p>A Cyberinfo nunca entra em contato solicitando senhas ou informa\u00e7\u00f5es pessoais, como dados de cart\u00e3o de cr\u00e9dito.<\/p>\n<p>As senhas fornecidas pela Cyberinfo s\u00e3o de uso pessoal e intransfer\u00edvel. Para seguran\u00e7a e prote\u00e7\u00e3o das suas informa\u00e7\u00f5es, n\u00e3o as compartilhe com ningu\u00e9m.<\/p>\n<p>Ao criar as suas senhas, utilize no m\u00ednimo 08 (oito) caracteres, num misto de letras mai\u00fasculas, min\u00fasculas, n\u00fameros e caracteres especiais.<\/p>\n<p>Para saber sobre sua fatura, promo\u00e7\u00f5es, cancelamentos e solicitar suporte t\u00e9cnico utilize nossos canais de relacionamento: <strong>Central de Atendimento ao Cliente: 88 9 9968.7799 (Telefone ou WhatsApp)<\/strong>, <strong>Chat em nosso Website<\/strong> ou atrav\u00e9s da <a href=\"https:\/\/central.cyberinfo.net.br\" rel=\"noopener\" target=\"_blank\">Central do Cliente<\/a>.<\/p>\t\t\t\t<\/div>\n\t\t\t<\/div>\n\t\t<\/div>\n\t\t\t<div class=\"sow-accordion-panel sow-accordion-panel-open\"\n\t\t\t data-anchor=\"denuncie-viola%c3%a7%c3%b5es-aos-direitos-humanos\">\n\t\t\t\t<div class=\"sow-accordion-panel-header-container\" role=\"heading\" aria-level=\"2\">\n\t\t\t\t\t<div class=\"sow-accordion-panel-header\" tabindex=\"0\" role=\"button\" id=\"accordion-label-denuncie-viola%c3%a7%c3%b5es-aos-direitos-humanos\" aria-controls=\"accordion-content-denuncie-viola%c3%a7%c3%b5es-aos-direitos-humanos\" aria-expanded=\"true\">\n\t\t\t\t\t\t<div class=\"sow-accordion-title sow-accordion-title-icon-left\">\n\t\t\t\t\t\t\t\t\t\t\t\t\t\tDenuncie viola\u00e7\u00f5es aos direitos humanos\t\t\t\t\t\t\t\t\t\t\t\t\t<\/div>\n\t\t\t\t\t\t<div class=\"sow-accordion-open-close-button\">\n\t\t\t\t\t\t\t<div class=\"sow-accordion-open-button\">\n\t\t\t\t\t\t\t\t<span class=\"sow-icon-ionicons\" data-sow-icon=\"&#xf218;\"\n\t\t ><\/span>\t\t\t\t\t\t\t<\/div>\n\t\t\t\t\t\t\t<div class=\"sow-accordion-close-button\">\n\t\t\t\t\t\t\t\t<span class=\"sow-icon-ionicons\" data-sow-icon=\"&#xf209;\"\n\t\t ><\/span>\t\t\t\t\t\t\t<\/div>\n\t\t\t\t\t\t<\/div>\n\t\t\t\t\t<\/div>\n\t\t\t\t<\/div>\n\n\t\t\t<div\n\t\t\t\tclass=\"sow-accordion-panel-content\"\n\t\t\t\trole=\"region\"\n\t\t\t\taria-labelledby=\"accordion-label-denuncie-viola%c3%a7%c3%b5es-aos-direitos-humanos\"\n\t\t\t\tid=\"accordion-content-denuncie-viola%c3%a7%c3%b5es-aos-direitos-humanos\"\n\t\t\t\t\t\t\t>\n\t\t\t\t<div class=\"sow-accordion-panel-border\" tabindex=\"0\">\n\t\t\t\t\t<p>A Cyberinfo est\u00e1 muito engajada com a promo\u00e7\u00e3o do uso respons\u00e1vel das Tecnologias de Informa\u00e7\u00e3o e Comunica\u00e7\u00e3o. Com isso em mente, apoiamos iniciativas como a Safernet Brasil.<\/p>\n<p>A Safernet Brasil \u00e9 uma organiza\u00e7\u00e3o n\u00e3o governamental sem fins lucrativos respons\u00e1vel pela Central Nacional de Den\u00fancias de crimes e viola\u00e7\u00f5es contra os Direitos Humanos na Internet. Al\u00e9m disso, realiza um conjunto de a\u00e7\u00f5es de preven\u00e7\u00e3o e educa\u00e7\u00e3o ao promover palestras, oficinas e semin\u00e1rios.<\/p>\n<p>Foi criado tamb\u00e9m um canal on-line de informa\u00e7\u00e3o para crian\u00e7as, pais e educadores para esclarecer d\u00favidas, ensinar formas seguras de navega\u00e7\u00e3o e orient\u00e1-los sobre cybercrimes como ass\u00e9dio, aliciamento de menores, cyberbullying e exposi\u00e7\u00e3o de fotos sensuais.<\/p>\n<a class=\"faq-button ow-icon-placement-left ow-button-hover\" href=\"https:\/\/new.safernet.org.br\/denuncie\">Denuncie crimes na internet<\/a>\t\t\t\t<\/div>\n\t\t\t<\/div>\n\t\t<\/div>\n\t\t<\/div>\n<\/div>\n<\/div><\/div><\/div><\/div><\/div><\/div><\/div>","protected":false},"excerpt":{"rendered":"<p>POL\u00cdTICA DE PRIVACIDADE Termos e condi\u00e7\u00f5es de seguran\u00e7a. Informa\u00e7\u00f5es Coletadas Entenda os &#8220;cookies&#8221; Os cookies s\u00e3o arquivos de textos que armazenam temporariamente algumas informa\u00e7\u00f5es b\u00e1sicas sobre o que voc\u00ea est\u00e1 visitando no nosso site. Os cookies mant\u00eam um registro dos seus h\u00e1bitos de navega\u00e7\u00e3o, da utiliza\u00e7\u00e3o do aparelho e das suas prefer\u00eancias, salvando tudo para [&hellip;]<\/p>\n","protected":false},"author":1,"featured_media":0,"parent":0,"menu_order":0,"comment_status":"closed","ping_status":"closed","template":"templates\/template-full-notitle.php","meta":[],"_links":{"self":[{"href":"https:\/\/www.cyberinfo.net.br\/belacruz\/wp-json\/wp\/v2\/pages\/1214"}],"collection":[{"href":"https:\/\/www.cyberinfo.net.br\/belacruz\/wp-json\/wp\/v2\/pages"}],"about":[{"href":"https:\/\/www.cyberinfo.net.br\/belacruz\/wp-json\/wp\/v2\/types\/page"}],"author":[{"embeddable":true,"href":"https:\/\/www.cyberinfo.net.br\/belacruz\/wp-json\/wp\/v2\/users\/1"}],"replies":[{"embeddable":true,"href":"https:\/\/www.cyberinfo.net.br\/belacruz\/wp-json\/wp\/v2\/comments?post=1214"}],"version-history":[{"count":47,"href":"https:\/\/www.cyberinfo.net.br\/belacruz\/wp-json\/wp\/v2\/pages\/1214\/revisions"}],"predecessor-version":[{"id":1795,"href":"https:\/\/www.cyberinfo.net.br\/belacruz\/wp-json\/wp\/v2\/pages\/1214\/revisions\/1795"}],"wp:attachment":[{"href":"https:\/\/www.cyberinfo.net.br\/belacruz\/wp-json\/wp\/v2\/media?parent=1214"}],"curies":[{"name":"wp","href":"https:\/\/api.w.org\/{rel}","templated":true}]}}