{"id":1378,"date":"2019-11-28T15:49:04","date_gmt":"2019-11-28T18:49:04","guid":{"rendered":"http:\/\/cyberinfo.net.br\/new\/?page_id=1378"},"modified":"2020-08-24T10:45:56","modified_gmt":"2020-08-24T13:45:56","slug":"a-cyberinfo","status":"publish","type":"page","link":"https:\/\/www.cyberinfo.net.br\/belacruz\/a-cyberinfo\/","title":{"rendered":"A Cyberinfo"},"content":{"rendered":"<div id=\"pl-1378\"  class=\"panel-layout\" ><div id=\"pg-1378-0\"  class=\"panel-grid panel-has-style\" ><div class=\"siteorigin-panels-stretch panel-row-style-full-width panel-row-style panel-row-style-for-1378-0\" data-stretch-type=\"full-stretched\" ><div id=\"pgc-1378-0-0\"  class=\"panel-grid-cell\" ><div id=\"panel-1378-0-0-0\" class=\"widget_text so-panel widget widget_custom_html panel-first-child panel-last-child\" data-index=\"0\" ><div class=\"widget_text panel-widget-style panel-widget-style-for-1378-0-0-0\" ><div class=\"textwidget custom-html-widget\"><div id=\"cyber-company-header\">\n\t<div class=\"a-cyberinfo\">\n\t\t<p class=\"title\" style=\"color:#e4ebf1;\">Conhe\u00e7a a Cyberinfo<\/p>\n\t\t<figure>\n\t\t\t<img src=\"\/new\/extras\/images\/color_line.svg\" alt=\"\" width=\"166px\">\t\n\t\t<\/figure>\n\t\t<p class=\"h3\" style=\"color:#fff;\">Somos refer\u00eancia em Internet Banda Larga, al\u00e9m<br>de solu\u00e7\u00f5es para empresas. Conhe\u00e7a nossos Servi\u00e7os:<\/p>\n\t<\/div>\n<\/div><\/div><\/div><\/div><\/div><\/div><\/div><div id=\"pg-1378-1\"  class=\"panel-grid panel-has-style\" ><div class=\"siteorigin-panels-stretch panel-row-style-full-width panel-row-style panel-row-style-for-1378-1\" style=\"background-color: #e4ebf1; \" data-stretch-type=\"full\" ><div id=\"pgc-1378-1-0\"  class=\"panel-grid-cell\" ><div id=\"panel-1378-1-0-0\" class=\"so-panel widget widget_sow-image panel-first-child panel-last-child\" data-index=\"1\" ><div id=\"cyber-dialog-img\" class=\"panel-widget-style panel-widget-style-for-1378-1-0-0\" ><div class=\"so-widget-sow-image so-widget-sow-image-default-0a36e82c757b-1378\">\n\n<div class=\"sow-image-container\">\n\t\t<img src=\"https:\/\/www.cyberinfo.net.br\/belacruz\/wp-content\/uploads\/2019\/11\/about-img-1.jpg\" width=\"505\" height=\"275\" srcset=\"https:\/\/www.cyberinfo.net.br\/belacruz\/wp-content\/uploads\/2019\/11\/about-img-1.jpg 505w, https:\/\/www.cyberinfo.net.br\/belacruz\/wp-content\/uploads\/2019\/11\/about-img-1-300x163.jpg 300w\" sizes=\"(max-width: 505px) 100vw, 505px\" alt=\"\" loading=\"lazy\" \t\tclass=\"so-widget-image\"\/>\n\t<\/div>\n\n<\/div><\/div><\/div><\/div><div id=\"pgc-1378-1-1\"  class=\"panel-grid-cell\" ><div id=\"panel-1378-1-1-0\" class=\"widget_text so-panel widget widget_custom_html panel-first-child panel-last-child\" data-index=\"2\" ><div id=\"cyber-dialog\" class=\"widget_text panel-widget-style panel-widget-style-for-1378-1-1-0\" ><div class=\"textwidget custom-html-widget\"><p class=\"h1\">\nBanda Larga via Fibra \u00d3ptica\n<\/p>\n<p>\n<strong>Planos de Internet Banda Larga para deixar sua casa sempre conectada. <\/strong>Com a <strong>Fibra \u00d3ptica Cyberinfo <\/strong>navegue em alt\u00edssimas velocidades de at\u00e9 300 Megas!\n<\/p>\n<p>\nTodos os nossos Planos t\u00eam <strong>instala\u00e7\u00e3o gratuita<\/strong> e ainda WI-FI sem custos extras.\n<\/p><\/div><\/div><\/div><\/div><\/div><\/div><div id=\"pg-1378-2\"  class=\"panel-grid panel-has-style\" ><div class=\"siteorigin-panels-stretch panel-row-style-full-width panel-row-style panel-row-style-for-1378-2\" data-stretch-type=\"full\" ><div id=\"pgc-1378-2-0\"  class=\"panel-grid-cell\" ><div id=\"panel-1378-2-0-0\" class=\"widget_text so-panel widget widget_custom_html panel-first-child panel-last-child\" data-index=\"3\" ><div id=\"cyber-dialog\" class=\"widget_text panel-widget-style panel-widget-style-for-1378-2-0-0\" ><div class=\"textwidget custom-html-widget\"><p class=\"h1\">\nInternet via R\u00e1dio (Wireless Internet)\n<\/p>\n<p>\n<strong>Internet ideal para s\u00edtios, fazendas e \u00e1reas rurais. <\/strong>Com a <strong>Internet via R\u00e1dio Cyberinfo <\/strong>navegue com estabilidade em velocidade de at\u00e9 4 Megas.\n<\/p>\n<p>\nConsulte planos e disponibilidade para sua regi\u00e3o.\n<\/p><\/div><\/div><\/div><\/div><div id=\"pgc-1378-2-1\"  class=\"panel-grid-cell\" ><div id=\"panel-1378-2-1-0\" class=\"so-panel widget widget_sow-image panel-first-child panel-last-child\" data-index=\"4\" ><div id=\"cyber-dialog-img\" class=\"panel-widget-style panel-widget-style-for-1378-2-1-0\" ><div class=\"so-widget-sow-image so-widget-sow-image-default-0a36e82c757b-1378\">\n\n<div class=\"sow-image-container\">\n\t\t<img src=\"https:\/\/www.cyberinfo.net.br\/belacruz\/wp-content\/uploads\/2019\/11\/about-img-2.jpg\" width=\"505\" height=\"275\" srcset=\"https:\/\/www.cyberinfo.net.br\/belacruz\/wp-content\/uploads\/2019\/11\/about-img-2.jpg 505w, https:\/\/www.cyberinfo.net.br\/belacruz\/wp-content\/uploads\/2019\/11\/about-img-2-300x163.jpg 300w\" sizes=\"(max-width: 505px) 100vw, 505px\" alt=\"\" loading=\"lazy\" \t\tclass=\"so-widget-image\"\/>\n\t<\/div>\n\n<\/div><\/div><\/div><\/div><\/div><\/div><div id=\"pg-1378-3\"  class=\"panel-grid panel-has-style\" ><div class=\"siteorigin-panels-stretch panel-row-style-full-width panel-row-style panel-row-style-for-1378-3\" style=\"background-color: #e4ebf1; \" data-stretch-type=\"full\" ><div id=\"pgc-1378-3-0\"  class=\"panel-grid-cell\" ><div id=\"panel-1378-3-0-0\" class=\"so-panel widget widget_sow-image panel-first-child panel-last-child\" data-index=\"5\" ><div id=\"cyber-dialog-img\" class=\"panel-widget-style panel-widget-style-for-1378-3-0-0\" ><div class=\"so-widget-sow-image so-widget-sow-image-default-0a36e82c757b-1378\">\n\n<div class=\"sow-image-container\">\n\t\t<img src=\"https:\/\/www.cyberinfo.net.br\/belacruz\/wp-content\/uploads\/2019\/11\/about-img-3.jpg\" width=\"505\" height=\"275\" srcset=\"https:\/\/www.cyberinfo.net.br\/belacruz\/wp-content\/uploads\/2019\/11\/about-img-3.jpg 505w, https:\/\/www.cyberinfo.net.br\/belacruz\/wp-content\/uploads\/2019\/11\/about-img-3-300x163.jpg 300w\" sizes=\"(max-width: 505px) 100vw, 505px\" alt=\"\" loading=\"lazy\" \t\tclass=\"so-widget-image\"\/>\n\t<\/div>\n\n<\/div><\/div><\/div><\/div><div id=\"pgc-1378-3-1\"  class=\"panel-grid-cell\" ><div id=\"panel-1378-3-1-0\" class=\"widget_text so-panel widget widget_custom_html panel-first-child panel-last-child\" data-index=\"6\" ><div id=\"cyber-dialog\" class=\"widget_text panel-widget-style panel-widget-style-for-1378-3-1-0\" ><div class=\"textwidget custom-html-widget\"><p class=\"h1\">\nLink Dedicado\n<\/p>\n<p>\n<strong>Links sim\u00e9tricos de Internet com velocidades de at\u00e9 1 Giga! <\/strong>Tudo para sua empresa crescer e divulgar os neg\u00f3cios.\n<\/p>\n<p>\nConsulte disponibilidade para sua regi\u00e3o e contrate agora mesmo!\n<\/p><\/div><\/div><\/div><\/div><\/div><\/div><div id=\"pg-1378-4\"  class=\"panel-grid panel-has-style\" ><div class=\"siteorigin-panels-stretch panel-row-style-full-width panel-row-style panel-row-style-for-1378-4\" data-stretch-type=\"full\" ><div id=\"pgc-1378-4-0\"  class=\"panel-grid-cell\" ><div id=\"panel-1378-4-0-0\" class=\"widget_text so-panel widget widget_custom_html panel-first-child panel-last-child\" data-index=\"7\" ><div id=\"cyber-dialog\" class=\"widget_text panel-widget-style panel-widget-style-for-1378-4-0-0\" ><div class=\"textwidget custom-html-widget\"><p class=\"h1\">\nRedes Corporativas\n<\/p>\n<p>\nConecte redes locais de diversas unidades com monitoramento e prote\u00e7\u00e3o de ataques. Estenda o alcance da sua rede interligando matriz e filial.\n<\/p>\n<p>\nConsulte disponibilidade para sua regi\u00e3o e contrate j\u00e1!\n<\/p><\/div><\/div><\/div><\/div><div id=\"pgc-1378-4-1\"  class=\"panel-grid-cell\" ><div id=\"panel-1378-4-1-0\" class=\"so-panel widget widget_sow-image panel-first-child panel-last-child\" data-index=\"8\" ><div id=\"cyber-dialog-img\" class=\"panel-widget-style panel-widget-style-for-1378-4-1-0\" ><div class=\"so-widget-sow-image so-widget-sow-image-default-0a36e82c757b-1378\">\n\n<div class=\"sow-image-container\">\n\t\t<img src=\"https:\/\/www.cyberinfo.net.br\/belacruz\/wp-content\/uploads\/2019\/11\/about-img-4.jpg\" width=\"505\" height=\"275\" srcset=\"https:\/\/www.cyberinfo.net.br\/belacruz\/wp-content\/uploads\/2019\/11\/about-img-4.jpg 505w, https:\/\/www.cyberinfo.net.br\/belacruz\/wp-content\/uploads\/2019\/11\/about-img-4-300x163.jpg 300w\" sizes=\"(max-width: 505px) 100vw, 505px\" alt=\"\" loading=\"lazy\" \t\tclass=\"so-widget-image\"\/>\n\t<\/div>\n\n<\/div><\/div><\/div><\/div><\/div><\/div><div id=\"pg-1378-5\"  class=\"panel-grid panel-has-style\" ><div class=\"siteorigin-panels-stretch panel-row-style-full-width panel-row-style panel-row-style-for-1378-5\" style=\"background-color: #e4ebf1; \" id=\"cyber-faq\" data-stretch-type=\"full\" ><div id=\"pgc-1378-5-0\"  class=\"panel-grid-cell\" ><div id=\"panel-1378-5-0-0\" class=\"so-panel widget widget_sow-image panel-first-child\" data-index=\"9\" ><div id=\"cyber-dialog-img\" class=\"panel-widget-style panel-widget-style-for-1378-5-0-0\" ><div class=\"so-widget-sow-image so-widget-sow-image-default-7877d6771435-1378\">\n\n<div class=\"sow-image-container\">\n\t\t<img src=\"https:\/\/www.cyberinfo.net.br\/belacruz\/wp-content\/uploads\/2019\/11\/about-img-5.jpg\" width=\"1080\" height=\"275\" srcset=\"https:\/\/www.cyberinfo.net.br\/belacruz\/wp-content\/uploads\/2019\/11\/about-img-5.jpg 1080w, https:\/\/www.cyberinfo.net.br\/belacruz\/wp-content\/uploads\/2019\/11\/about-img-5-300x76.jpg 300w, https:\/\/www.cyberinfo.net.br\/belacruz\/wp-content\/uploads\/2019\/11\/about-img-5-1024x261.jpg 1024w, https:\/\/www.cyberinfo.net.br\/belacruz\/wp-content\/uploads\/2019\/11\/about-img-5-768x196.jpg 768w\" sizes=\"(max-width: 1080px) 100vw, 1080px\" alt=\"\" loading=\"lazy\" \t\tclass=\"so-widget-image\"\/>\n\t<\/div>\n\n<\/div><\/div><\/div><div id=\"panel-1378-5-0-1\" class=\"widget_text so-panel widget widget_custom_html panel-last-child\" data-index=\"10\" ><div id=\"cyber-dialog-2\" class=\"widget_text panel-widget-style panel-widget-style-for-1378-5-0-1\" ><div class=\"textwidget custom-html-widget\"><p class=\"h1\">\nSobre n\u00f3s!\n<\/p>\n\t\t<figure>\n\t\t\t<img src=\"\/new\/extras\/images\/blue_line.svg\" alt=\"\" width=\"166px\">\t\n\t\t<\/figure>\n<p>\nEm quase duas d\u00e9cadas, nos tornamos parte das fam\u00edlias atendidas por n\u00f3s! Nossa miss\u00e3o \u00e9 conectar pessoas para tornar o mundo mais humano.\n<\/p>\n<p>\n<strong>A Cyberinfo \u00e9 pioneira na Regi\u00e3o do Baixo Vale Acara\u00fa em provimento de Internet Banda Larga<\/strong>. Desde 2012 utilizamos alta tecnologia para levar a melhor conex\u00e3o at\u00e9 voc\u00ea.\n<\/p>\n<p><strong>Atendemos \u00e0s cidades de Acara\u00fa, Cruz, Bela Cruz, Itarema, Jijoca de Jericoacara, Marco, Morrinhos e a Vila de Jericoacoara.<\/strong> Em todas as sedes destes munic\u00edpios, os clientes Cyberinfo <strong>j\u00e1 se conectam atrav\u00e9s de cabos \u00f3pticos (Fibra \u00d3ptica)<\/strong>.\n<\/p>\n<p>\n<strong>Somos CDN dos maiores provedores de conte\u00fado da atualidade: Netflix&reg; e Google&reg;, como tamb\u00e9m das maiores redes sociais: Facebook&reg; e Instagram&reg;.<\/strong> Com isso, nossos clientes t\u00eam conte\u00fado com a mais alta qualidade chegando at\u00e9 suas resid\u00eancias de forma initerrupta.<\/p>\n<p>Oferecemos tamb\u00e9m servi\u00e7os para empresas, sendo os principais: Link de Internet Dedicada e Redes Privadas Corporativas.<\/p>\n<p>\n<strong>Em breve novas solu\u00e7\u00f5es ser\u00e3o agregados ao nosso leque de servi\u00e7os. Ser\u00e1 cada vez mais vantajoso ser um cliente Cyberinfo.<\/strong>\n<\/p><\/div><\/div><\/div><\/div><\/div><\/div><\/div>","protected":false},"excerpt":{"rendered":"<p>Conhe\u00e7a a Cyberinfo Somos refer\u00eancia em Internet Banda Larga, al\u00e9mde solu\u00e7\u00f5es para empresas. Conhe\u00e7a nossos Servi\u00e7os: Banda Larga via Fibra \u00d3ptica Planos de Internet Banda Larga para deixar sua casa sempre conectada. Com a Fibra \u00d3ptica Cyberinfo navegue em alt\u00edssimas velocidades de at\u00e9 300 Megas! Todos os nossos Planos t\u00eam instala\u00e7\u00e3o gratuita e ainda WI-FI [&hellip;]<\/p>\n","protected":false},"author":1,"featured_media":0,"parent":0,"menu_order":0,"comment_status":"closed","ping_status":"open","template":"templates\/template-full-notitle.php","meta":[],"_links":{"self":[{"href":"https:\/\/www.cyberinfo.net.br\/belacruz\/wp-json\/wp\/v2\/pages\/1378"}],"collection":[{"href":"https:\/\/www.cyberinfo.net.br\/belacruz\/wp-json\/wp\/v2\/pages"}],"about":[{"href":"https:\/\/www.cyberinfo.net.br\/belacruz\/wp-json\/wp\/v2\/types\/page"}],"author":[{"embeddable":true,"href":"https:\/\/www.cyberinfo.net.br\/belacruz\/wp-json\/wp\/v2\/users\/1"}],"replies":[{"embeddable":true,"href":"https:\/\/www.cyberinfo.net.br\/belacruz\/wp-json\/wp\/v2\/comments?post=1378"}],"version-history":[{"count":190,"href":"https:\/\/www.cyberinfo.net.br\/belacruz\/wp-json\/wp\/v2\/pages\/1378\/revisions"}],"predecessor-version":[{"id":1390,"href":"https:\/\/www.cyberinfo.net.br\/belacruz\/wp-json\/wp\/v2\/pages\/1378\/revisions\/1390"}],"wp:attachment":[{"href":"https:\/\/www.cyberinfo.net.br\/belacruz\/wp-json\/wp\/v2\/media?parent=1378"}],"curies":[{"name":"wp","href":"https:\/\/api.w.org\/{rel}","templated":true}]}}