{"id":8,"date":"2019-10-31T15:34:24","date_gmt":"2019-10-31T18:34:24","guid":{"rendered":"http:\/\/cyberinfo.net.br\/new\/index.php\/home-page\/"},"modified":"2020-08-11T21:54:14","modified_gmt":"2020-08-12T00:54:14","slug":"home-page","status":"publish","type":"page","link":"https:\/\/www.cyberinfo.net.br\/belacruz\/","title":{"rendered":"Home Page"},"content":{"rendered":"<div id=\"pl-8\"  class=\"panel-layout\" ><div id=\"pg-8-0\"  class=\"panel-grid panel-has-style\" ><div class=\"siteorigin-panels-stretch panel-row-style-full-width panel-row-style panel-row-style-for-8-0\" id=\"cyber-slides\" data-stretch-type=\"full-stretched\" ><div id=\"pgc-8-0-0\"  class=\"panel-grid-cell\" ><div id=\"panel-8-0-0-0\" class=\"so-panel widget widget_sow-hero panel-first-child\" data-index=\"0\" ><div class=\"panel-widget-style panel-widget-style-for-8-0-0-0\" ><div class=\"so-widget-sow-hero so-widget-sow-hero-default-9f79c2497718-8 so-widget-fittext-wrapper\" data-fit-text-compressor=\"0.85\"><div class=\"sow-slider-base\" style=\"display: none\"><ul class=\"sow-slider-images\" data-settings=\"{&quot;pagination&quot;:true,&quot;speed&quot;:800,&quot;timeout&quot;:16000,&quot;paused&quot;:false,&quot;pause_on_hover&quot;:false,&quot;swipe&quot;:true,&quot;nav_always_show_desktop&quot;:&quot;&quot;,&quot;nav_always_show_mobile&quot;:&quot;&quot;,&quot;breakpoint&quot;:&quot;780px&quot;,&quot;unmute&quot;:false}\">\t\t<li class=\"sow-slider-image  sow-slider-image-cover\" style=\"background-color: #333333;background-image: url(https:\/\/www.cyberinfo.net.br\/belacruz\/wp-content\/uploads\/2019\/12\/slide-1.jpg)\" >\n\t\t\t\t\t<div class=\"sow-slider-image-container\">\n\t\t\t<div class=\"sow-slider-image-wrapper\">\n\t\t\t\t<div id=\"cyber-slider\">\n<div class=\"cyber-attract\"><span class=\"cyber-big-text\">Internet na<\/span><br \/>\n<span class=\"cyber-big-text\">sua velocidade!<\/span><\/div>\n<figure><img src=\"\/extras\/images\/color_line.svg\" alt=\"\" width=\"166px\" \/><\/figure>\n<span class=\"cyber-more\">conex\u00e3o em fibra \u00f3ptica com wi-fi incluso!<\/span><br \/>\n<span class=\"cyber-more\">planos a partir de R$ 59,90 mensais!<\/span>\n<div class=\"sow-hero-buttons\" ><div class=\"so-widget-sow-button so-widget-sow-button-atom-b4f6b6b19f96\"><div class=\"ow-button-base ow-button-align-center\">\n\t<a href=\"\/belacruz\/para-sua-casa\" class=\"ow-icon-placement-left ow-button-hover\" \t\t>\n\t\t<span>\n\t\t\t\n\t\t\tSaiba mais!\t\t<\/span>\n\t<\/a>\n<\/div>\n<\/div><\/div>\n\n<\/div>\t\t\t<\/div>\n\t\t<\/div>\n\t\t\t\t<\/li>\n\t\t<\/ul>\t\t\t\t<ol class=\"sow-slider-pagination\">\n\t\t\t\t\t\t\t\t\t\t\t<li><a href=\"#\" data-goto=\"0\" aria-label=\"display slide 1\"><\/a><\/li>\n\t\t\t\t\t\t\t\t\t<\/ol>\n\n\t\t\t\t<div class=\"sow-slide-nav sow-slide-nav-next\">\n\t\t\t\t\t<a href=\"#\" data-goto=\"next\" aria-label=\"next slide\" data-action=\"next\">\n\t\t\t\t\t\t<em class=\"sow-sld-icon-thin-right\"><\/em>\n\t\t\t\t\t<\/a>\n\t\t\t\t<\/div>\n\n\t\t\t\t<div class=\"sow-slide-nav sow-slide-nav-prev\">\n\t\t\t\t\t<a href=\"#\" data-goto=\"previous\" aria-label=\"previous slide\" data-action=\"prev\">\n\t\t\t\t\t\t<em class=\"sow-sld-icon-thin-left\"><\/em>\n\t\t\t\t\t<\/a>\n\t\t\t\t<\/div>\n\t\t\t\t<\/div><\/div><\/div><\/div><div id=\"panel-8-0-0-1\" class=\"so-panel widget widget_sow-hero panel-last-child\" data-index=\"1\" ><div class=\"panel-widget-style panel-widget-style-for-8-0-0-1\" ><div class=\"so-widget-sow-hero so-widget-sow-hero-default-9f79c2497718-8 so-widget-fittext-wrapper\" data-fit-text-compressor=\"0.85\"><div class=\"sow-slider-base\" style=\"display: none\"><ul class=\"sow-slider-images\" data-settings=\"{&quot;pagination&quot;:true,&quot;speed&quot;:800,&quot;timeout&quot;:16000,&quot;paused&quot;:false,&quot;pause_on_hover&quot;:false,&quot;swipe&quot;:true,&quot;nav_always_show_desktop&quot;:&quot;&quot;,&quot;nav_always_show_mobile&quot;:true,&quot;breakpoint&quot;:&quot;780px&quot;,&quot;unmute&quot;:false}\">\t\t<li class=\"sow-slider-image  sow-slider-image-cover\" style=\"background-color: #333333;background-image: url(https:\/\/www.cyberinfo.net.br\/belacruz\/wp-content\/uploads\/2019\/12\/slide-1-mobile.jpg)\" >\n\t\t\t\t\t<div class=\"sow-slider-image-container\">\n\t\t\t<div class=\"sow-slider-image-wrapper\">\n\t\t\t\t<div id=\"cyber-slider\">\n<div class=\"cyber-attract\"><span class=\"cyber-big-text\">Internet na<\/span><br \/>\n<span class=\"cyber-big-text\">sua velocidade!<\/span><\/div>\n<figure><img src=\"\/extras\/images\/color_line.svg\" alt=\"\" width=\"166px\" \/><\/figure>\n<span class=\"cyber-more\">conex\u00e3o em fibra \u00f3ptica com wi-fi incluso!<\/span><br \/>\n<span class=\"cyber-more\">planos a partir de R$ 59,90 mensais!<\/span>\n<div class=\"sow-hero-buttons\" ><div class=\"so-widget-sow-button so-widget-sow-button-atom-b4f6b6b19f96\"><div class=\"ow-button-base ow-button-align-center\">\n\t<a href=\"\/belacruz\/para-sua-casa\" class=\"ow-icon-placement-left ow-button-hover\" \t\t>\n\t\t<span>\n\t\t\t\n\t\t\tSaiba mais!\t\t<\/span>\n\t<\/a>\n<\/div>\n<\/div><\/div>\n\n<\/div>\t\t\t<\/div>\n\t\t<\/div>\n\t\t\t\t<\/li>\n\t\t<\/ul>\t\t\t\t<ol class=\"sow-slider-pagination\">\n\t\t\t\t\t\t\t\t\t\t\t<li><a href=\"#\" data-goto=\"0\" aria-label=\"display slide 1\"><\/a><\/li>\n\t\t\t\t\t\t\t\t\t<\/ol>\n\n\t\t\t\t<div class=\"sow-slide-nav sow-slide-nav-next\">\n\t\t\t\t\t<a href=\"#\" data-goto=\"next\" aria-label=\"next slide\" data-action=\"next\">\n\t\t\t\t\t\t<em class=\"sow-sld-icon-thin-right\"><\/em>\n\t\t\t\t\t<\/a>\n\t\t\t\t<\/div>\n\n\t\t\t\t<div class=\"sow-slide-nav sow-slide-nav-prev\">\n\t\t\t\t\t<a href=\"#\" data-goto=\"previous\" aria-label=\"previous slide\" data-action=\"prev\">\n\t\t\t\t\t\t<em class=\"sow-sld-icon-thin-left\"><\/em>\n\t\t\t\t\t<\/a>\n\t\t\t\t<\/div>\n\t\t\t\t<\/div><\/div><\/div><\/div><\/div><\/div><\/div><div id=\"pg-8-1\"  class=\"panel-grid panel-has-style\" ><div class=\"siteorigin-panels-stretch panel-row-style-full-width panel-row-style panel-row-style-for-8-1\" style=\"background-color: #e4ebf1; \" data-stretch-type=\"full\" ><div id=\"pgc-8-1-0\"  class=\"panel-grid-cell\" ><div id=\"panel-8-1-0-0\" class=\"so-panel widget widget_sow-features panel-first-child panel-last-child\" data-index=\"2\" ><div id=\"cyber-features\" class=\"panel-widget-style panel-widget-style-for-8-1-0-0\" ><div class=\"so-widget-sow-features so-widget-sow-features-default-0b46234f6de0-8\">\n<div class=\"sow-features-list sow-features-responsive\">\n\n\t\t\t\n\t\t\t<div class=\"sow-features-feature sow-icon-container-position-top sow-features-feature-last-row\" style=\"width: 33.333%\">\n\n\t\t\t\t\t\t\t\t<div\n\t\t\t\t\tclass=\"sow-icon-container sow-container-none\"\n                    style=\"color: #404040; \"\n\t\t\t\t\t>\n\t\t\t\t\t<div class=\"sow-icon-image\" style=\"background-image: url(https:\/\/www.cyberinfo.net.br\/belacruz\/wp-content\/uploads\/2019\/11\/cyber_velocidade.svg); font-size: 96px\"><\/div>\t\t\t\t<\/div>\n\t\t\t\t\n\t\t\t\t<div class=\"textwidget\">\n\t\t\t\t\t\t\t\t\t\t\t<h5>\n\t\t\t\t\t\t\t\n\t\t\t\t\t\t\tSomos Velocidade\t\t\t\t\t\t\t\t\t\t\t\t\t<\/h5>\n\t\t\t\t\t\n\t\t\t\t\t\t\t\t\t\t\tBanda Larga fixa, confi\u00e1vel e segura. Com a rede de Fibra \u00d3ptica da Cyber Info voc\u00ea pode navegar, transmitir e fazer muito mais com menos interrup\u00e7\u00f5es, mesmo durante os hor\u00e1rios de pico.\t\t\t\t\t\n\t\t\t\t\t\t\t\t\t<\/div>\n\t\t\t\t\t\t\t<\/div>\n\n\t\t\n\t\t\t<div class=\"sow-features-feature sow-icon-container-position-top sow-features-feature-last-row\" style=\"width: 33.333%\">\n\n\t\t\t\t\t\t\t\t<div\n\t\t\t\t\tclass=\"sow-icon-container sow-container-none\"\n                    style=\"color: #404040; \"\n\t\t\t\t\t>\n\t\t\t\t\t<div class=\"sow-icon-image\" style=\"background-image: url(https:\/\/www.cyberinfo.net.br\/belacruz\/wp-content\/uploads\/2019\/11\/cyber_conteudo.svg); font-size: 96px\"><\/div>\t\t\t\t<\/div>\n\t\t\t\t\n\t\t\t\t<div class=\"textwidget\">\n\t\t\t\t\t\t\t\t\t\t\t<h5>\n\t\t\t\t\t\t\t\n\t\t\t\t\t\t\tSomos Conte\u00fado\t\t\t\t\t\t\t\t\t\t\t\t\t<\/h5>\n\t\t\t\t\t\n\t\t\t\t\t\t\t\t\t\t\tCDN das maiores Redes Sociais: Instagram e Facebook e dos maiores provedores de Conte\u00fado da atualidade: Netflix e Youtube. \u00c9 entretenimento com mais qualidade!\t\t\t\t\t\n\t\t\t\t\t\t\t\t\t<\/div>\n\t\t\t\t\t\t\t<\/div>\n\n\t\t\n\t\t\t<div class=\"sow-features-feature sow-icon-container-position-top sow-features-feature-last-row\" style=\"width: 33.333%\">\n\n\t\t\t\t\t\t\t\t<div\n\t\t\t\t\tclass=\"sow-icon-container sow-container-none\"\n                    style=\"color: #404040; \"\n\t\t\t\t\t>\n\t\t\t\t\t<div class=\"sow-icon-image\" style=\"background-image: url(https:\/\/www.cyberinfo.net.br\/belacruz\/wp-content\/uploads\/2019\/11\/cyber_presenca.svg); font-size: 96px\"><\/div>\t\t\t\t<\/div>\n\t\t\t\t\n\t\t\t\t<div class=\"textwidget\">\n\t\t\t\t\t\t\t\t\t\t\t<h5>\n\t\t\t\t\t\t\t\n\t\t\t\t\t\t\tSomos Presen\u00e7a\t\t\t\t\t\t\t\t\t\t\t\t\t<\/h5>\n\t\t\t\t\t\n\t\t\t\t\t\t\t\t\t\t\tTemos a maior cobertura! Estamos presentes em todas as cidades do baixo Vale do Acara\u00fa. Temos a maior rede \u00f3ptica, maior equipe e podemos garantir o melhor servi\u00e7o. \t\t\t\t\t\n\t\t\t\t\t\t\t\t\t<\/div>\n\t\t\t\t\t\t\t<\/div>\n\n\t\t\t\n<\/div>\n<\/div><\/div><\/div><\/div><\/div><\/div><div id=\"pg-8-2\"  class=\"panel-grid panel-has-style\" ><div class=\"siteorigin-panels-stretch panel-row-style-full-width panel-row-style panel-row-style-for-8-2\" id=\"cyber-benefits\" data-stretch-type=\"full\" ><div id=\"pgc-8-2-0\"  class=\"panel-grid-cell\" ><div id=\"panel-8-2-0-0\" class=\"so-panel widget widget_sow-headline panel-first-child\" data-index=\"3\" ><div class=\"panel-widget-style panel-widget-style-for-8-2-0-0\" ><div class=\"so-widget-sow-headline so-widget-sow-headline-default-03dc5a3f70cc-8\"><div class=\"sow-headline-container \">\n\t<h1 class='sow-headline'>Garantimos a entrega da velocidade contratada, sem diferen\u00e7as, tanto download como para upload. Aqui tem muito mais pra voc\u00ea!<\/h1><\/div><\/div><\/div><\/div><div id=\"panel-8-2-0-1\" class=\"so-panel widget widget_sow-headline\" data-index=\"4\" ><div class=\"panel-widget-style panel-widget-style-for-8-2-0-1\" ><div class=\"so-widget-sow-headline so-widget-sow-headline-default-03dc5a3f70cc-8\"><div class=\"sow-headline-container \">\n\t<h1 class='sow-headline'>Aqui tem muito mais pra voc\u00ea!<\/h1><\/div><\/div><\/div><\/div><div id=\"panel-8-2-0-2\" class=\"so-panel widget widget_sow-features\" data-index=\"5\" ><div class=\"panel-widget-style panel-widget-style-for-8-2-0-2\" ><div class=\"so-widget-sow-features so-widget-sow-features-default-7a5028ec531a-8\">\n<div class=\"sow-features-list sow-features-responsive\">\n\n\t\t\t\n\t\t\t<div class=\"sow-features-feature sow-icon-container-position-top sow-features-feature-last-row\" style=\"width: 33.333%\">\n\n\t\t\t\t\t\t\t\t<div\n\t\t\t\t\tclass=\"sow-icon-container sow-container-round\"\n                    style=\"color: #016eaf; \"\n\t\t\t\t\t>\n\t\t\t\t\t<div class=\"sow-icon-image\" style=\"background-image: url(https:\/\/www.cyberinfo.net.br\/belacruz\/wp-content\/uploads\/2019\/11\/optical.svg); font-size: 42px\"><\/div>\t\t\t\t<\/div>\n\t\t\t\t\n\t\t\t\t<div class=\"textwidget\">\n\t\t\t\t\t\t\t\t\t\t\t<h5>\n\t\t\t\t\t\t\t\n\t\t\t\t\t\t\tConex\u00e3o 100%\t\t\t\t\t\t\t\t\t\t\t\t\t<\/h5>\n\t\t\t\t\t\n\t\t\t\t\t\t\t\t\t\t\t<h5 class=\"under\">em Fibra \u00d3ptica<\/h5>\t\t\t\t\t\n\t\t\t\t\t\t\t\t\t<\/div>\n\t\t\t\t\t\t\t<\/div>\n\n\t\t\n\t\t\t<div class=\"sow-features-feature sow-icon-container-position-top sow-features-feature-last-row\" style=\"width: 33.333%\">\n\n\t\t\t\t\t\t\t\t<div\n\t\t\t\t\tclass=\"sow-icon-container sow-container-round\"\n                    style=\"color: #016eaf; \"\n\t\t\t\t\t>\n\t\t\t\t\t<div class=\"sow-icon-image\" style=\"background-image: url(https:\/\/www.cyberinfo.net.br\/belacruz\/wp-content\/uploads\/2019\/11\/velocity.svg); font-size: 42px\"><\/div>\t\t\t\t<\/div>\n\t\t\t\t\n\t\t\t\t<div class=\"textwidget\">\n\t\t\t\t\t\t\t\t\t\t\t<h5>\n\t\t\t\t\t\t\t\n\t\t\t\t\t\t\tVelocidades\t\t\t\t\t\t\t\t\t\t\t\t\t<\/h5>\n\t\t\t\t\t\n\t\t\t\t\t\t\t\t\t\t\t<h5 class=\"under\">de at\u00e9 170 Megas<\/h5>\t\t\t\t\t\n\t\t\t\t\t\t\t\t\t<\/div>\n\t\t\t\t\t\t\t<\/div>\n\n\t\t\n\t\t\t<div class=\"sow-features-feature sow-icon-container-position-top sow-features-feature-last-row\" style=\"width: 33.333%\">\n\n\t\t\t\t\t\t\t\t<div\n\t\t\t\t\tclass=\"sow-icon-container sow-container-round\"\n                    style=\"color: #016eaf; \"\n\t\t\t\t\t>\n\t\t\t\t\t<div class=\"sow-icon-image\" style=\"background-image: url(https:\/\/www.cyberinfo.net.br\/belacruz\/wp-content\/uploads\/2019\/11\/speedometer.svg); font-size: 42px\"><\/div>\t\t\t\t<\/div>\n\t\t\t\t\n\t\t\t\t<div class=\"textwidget\">\n\t\t\t\t\t\t\t\t\t\t\t<h5>\n\t\t\t\t\t\t\t\n\t\t\t\t\t\t\tEntrega da\t\t\t\t\t\t\t\t\t\t\t\t\t<\/h5>\n\t\t\t\t\t\n\t\t\t\t\t\t\t\t\t\t\t<h5 class=\"under\">Velocidade Contratada<\/h5>\t\t\t\t\t\n\t\t\t\t\t\t\t\t\t<\/div>\n\t\t\t\t\t\t\t<\/div>\n\n\t\t\t\n<\/div>\n<\/div><\/div><\/div><div id=\"panel-8-2-0-3\" class=\"so-panel widget widget_sow-features panel-last-child\" data-index=\"6\" ><div class=\"panel-widget-style panel-widget-style-for-8-2-0-3\" ><div class=\"so-widget-sow-features so-widget-sow-features-default-7a5028ec531a-8\">\n<div class=\"sow-features-list sow-features-responsive\">\n\n\t\t\t\n\t\t\t<div class=\"sow-features-feature sow-icon-container-position-top sow-features-feature-last-row\" style=\"width: 33.333%\">\n\n\t\t\t\t\t\t\t\t<div\n\t\t\t\t\tclass=\"sow-icon-container sow-container-round\"\n                    style=\"color: #016eaf; \"\n\t\t\t\t\t>\n\t\t\t\t\t<div class=\"sow-icon-image\" style=\"background-image: url(https:\/\/www.cyberinfo.net.br\/belacruz\/wp-content\/uploads\/2019\/11\/upload.svg); font-size: 42px\"><\/div>\t\t\t\t<\/div>\n\t\t\t\t\n\t\t\t\t<div class=\"textwidget\">\n\t\t\t\t\t\t\t\t\t\t\t<h5>\n\t\t\t\t\t\t\t\n\t\t\t\t\t\t\tTemos o maior\t\t\t\t\t\t\t\t\t\t\t\t\t<\/h5>\n\t\t\t\t\t\n\t\t\t\t\t\t\t\t\t\t\t<h5 class=\"under\">Upload do Mercado<\/h5>\t\t\t\t\t\n\t\t\t\t\t\t\t\t\t<\/div>\n\t\t\t\t\t\t\t<\/div>\n\n\t\t\n\t\t\t<div class=\"sow-features-feature sow-icon-container-position-top sow-features-feature-last-row\" style=\"width: 33.333%\">\n\n\t\t\t\t\t\t\t\t<div\n\t\t\t\t\tclass=\"sow-icon-container sow-container-round\"\n                    style=\"color: #016eaf; \"\n\t\t\t\t\t>\n\t\t\t\t\t<div class=\"sow-icon-image\" style=\"background-image: url(https:\/\/www.cyberinfo.net.br\/belacruz\/wp-content\/uploads\/2019\/11\/streaming-1.svg); font-size: 42px\"><\/div>\t\t\t\t<\/div>\n\t\t\t\t\n\t\t\t\t<div class=\"textwidget\">\n\t\t\t\t\t\t\t\t\t\t\t<h5>\n\t\t\t\t\t\t\t\n\t\t\t\t\t\t\tAlta disponibilidade\t\t\t\t\t\t\t\t\t\t\t\t\t<\/h5>\n\t\t\t\t\t\n\t\t\t\t\t\t\t\t\t\t\t<h5 class=\"under\">para Streaming<\/h5>\t\t\t\t\t\n\t\t\t\t\t\t\t\t\t<\/div>\n\t\t\t\t\t\t\t<\/div>\n\n\t\t\n\t\t\t<div class=\"sow-features-feature sow-icon-container-position-top sow-features-feature-last-row\" style=\"width: 33.333%\">\n\n\t\t\t\t\t\t\t\t<div\n\t\t\t\t\tclass=\"sow-icon-container sow-container-round\"\n                    style=\"color: #016eaf; \"\n\t\t\t\t\t>\n\t\t\t\t\t<div class=\"sow-icon-image\" style=\"background-image: url(https:\/\/www.cyberinfo.net.br\/belacruz\/wp-content\/uploads\/2019\/11\/game.svg); font-size: 42px\"><\/div>\t\t\t\t<\/div>\n\t\t\t\t\n\t\t\t\t<div class=\"textwidget\">\n\t\t\t\t\t\t\t\t\t\t\t<h5>\n\t\t\t\t\t\t\t\n\t\t\t\t\t\t\tAlta disponibilidade\t\t\t\t\t\t\t\t\t\t\t\t\t<\/h5>\n\t\t\t\t\t\n\t\t\t\t\t\t\t\t\t\t\t<h5 class=\"under\">para Games<\/h5>\t\t\t\t\t\n\t\t\t\t\t\t\t\t\t<\/div>\n\t\t\t\t\t\t\t<\/div>\n\n\t\t\t\n<\/div>\n<\/div><\/div><\/div><\/div><\/div><\/div><div id=\"pg-8-3\"  class=\"panel-grid panel-has-style\" ><div class=\"siteorigin-panels-stretch panel-row-style-full-width panel-row-style panel-row-style-for-8-3\" style=\"background-color: #e4ebf1; \" data-stretch-type=\"full\" ><div id=\"pgc-8-3-0\"  class=\"panel-grid-cell\" ><div id=\"panel-8-3-0-0\" class=\"so-panel widget widget_sow-image panel-first-child panel-last-child\" data-index=\"7\" ><div id=\"cyber-dialog-img\" class=\"panel-widget-style panel-widget-style-for-8-3-0-0\" ><div class=\"so-widget-sow-image so-widget-sow-image-default-0a36e82c757b-8\">\n\n<div class=\"sow-image-container\">\n\t\t<img src=\"https:\/\/www.cyberinfo.net.br\/belacruz\/wp-content\/uploads\/2019\/11\/bg-dialog.jpg\" width=\"505\" height=\"275\" srcset=\"https:\/\/www.cyberinfo.net.br\/belacruz\/wp-content\/uploads\/2019\/11\/bg-dialog.jpg 505w, https:\/\/www.cyberinfo.net.br\/belacruz\/wp-content\/uploads\/2019\/11\/bg-dialog-300x163.jpg 300w\" sizes=\"(max-width: 505px) 100vw, 505px\" alt=\"\" loading=\"lazy\" \t\tclass=\"so-widget-image\"\/>\n\t<\/div>\n\n<\/div><\/div><\/div><\/div><div id=\"pgc-8-3-1\"  class=\"panel-grid-cell\" ><div id=\"panel-8-3-1-0\" class=\"widget_text so-panel widget widget_custom_html panel-first-child panel-last-child\" data-index=\"8\" ><div id=\"cyber-dialog\" class=\"widget_text panel-widget-style panel-widget-style-for-8-3-1-0\" ><div class=\"textwidget custom-html-widget\"><p style=\"color:#444\">\n<strong>A banda larga da Cyberinfo<\/strong> \u00e9 ideal pra voc\u00ea navegar nas redes sociais, assistir a v\u00eddeos, filmes e s\u00e9ries on-line, baixar arquivos, ouvir m\u00fasica e muito mais.\t\n<\/p>\n<p style=\"color:#444\">\nNosso sinal \u00e9 transmitido at\u00e9 sua casa em <strong>cabos de fibra \u00f3ptica<\/strong>, utilizamos sempre a mais alta tecnologia pra levar a melhor Internet at\u00e9 voc\u00ea, resultando numa conex\u00e3o com alta rapidez, seguran\u00e7a e estabilidade.\n<\/p>\n<p style=\"color:#444\">\nVerifique disponibilidade t\u00e9cnica para sua regi\u00e3o e aproveite o melhor da Internet!\t<strong>Ligue 88 9 9968.7799 e assine j\u00e1!<\/strong>\n<\/p><\/div><\/div><\/div><\/div><\/div><\/div><\/div>","protected":false},"excerpt":{"rendered":"<p>Internet na sua velocidade! conex\u00e3o em fibra \u00f3ptica com wi-fi incluso! planos a partir de R$ 59,90 mensais! Saiba mais! Internet na sua velocidade! conex\u00e3o em fibra \u00f3ptica com wi-fi incluso! planos a partir de R$ 59,90 mensais! Saiba mais! Somos Velocidade Banda Larga fixa, confi\u00e1vel e segura. Com a rede de Fibra \u00d3ptica da [&hellip;]<\/p>\n","protected":false},"author":1,"featured_media":0,"parent":0,"menu_order":0,"comment_status":"closed","ping_status":"closed","template":"home-panels.php","meta":[],"_links":{"self":[{"href":"https:\/\/www.cyberinfo.net.br\/belacruz\/wp-json\/wp\/v2\/pages\/8"}],"collection":[{"href":"https:\/\/www.cyberinfo.net.br\/belacruz\/wp-json\/wp\/v2\/pages"}],"about":[{"href":"https:\/\/www.cyberinfo.net.br\/belacruz\/wp-json\/wp\/v2\/types\/page"}],"author":[{"embeddable":true,"href":"https:\/\/www.cyberinfo.net.br\/belacruz\/wp-json\/wp\/v2\/users\/1"}],"replies":[{"embeddable":true,"href":"https:\/\/www.cyberinfo.net.br\/belacruz\/wp-json\/wp\/v2\/comments?post=8"}],"version-history":[{"count":406,"href":"https:\/\/www.cyberinfo.net.br\/belacruz\/wp-json\/wp\/v2\/pages\/8\/revisions"}],"predecessor-version":[{"id":13,"href":"https:\/\/www.cyberinfo.net.br\/belacruz\/wp-json\/wp\/v2\/pages\/8\/revisions\/13"}],"wp:attachment":[{"href":"https:\/\/www.cyberinfo.net.br\/belacruz\/wp-json\/wp\/v2\/media?parent=8"}],"curies":[{"name":"wp","href":"https:\/\/api.w.org\/{rel}","templated":true}]}}